*y - r. What is the greatest common factor of 22 and y?
22
Let u(y) = -1690*y**3 + 3*y + 4. Let d be u(-1). Calculate the highest common factor of d and 19.
19
Suppose 5*v - 78 = 2*v + 3*l, 1 = -l. Calculate the greatest common factor of v and 15.
5
Let y(d) = -d**3 + 10*d**2 + 7. Let t be y(10). Suppose h - 5 = -2*u, u + 4 = 3*h - 4*u. Let p = t + h. What is the greatest common factor of p and 2?
2
Suppose 4*n = -375 - 41. Let f be (-292)/5 + 3/(-5). Let a = f - n. What is the greatest common factor of a and 9?
9
Let n = 125 + 73. Let t be 495/22 - 2/4. What is the highest common divisor of n and t?
22
Suppose -8*n + 5*n = -24. Suppose -n*z + 10*z = 42. What is the greatest common factor of z and 42?
21
Let b = -16 + 19. Let x(h) = 2*h**2 - 3*h + 1. Let l be x(b). What is the greatest common divisor of l and 30?
10
Suppose -12 = -3*u + 48. What is the highest common divisor of 20 and u?
20
Suppose -268 - 8345 = -9*f. What is the highest common divisor of 66 and f?
33
Let g(s) = 4*s**2 - 2*s + 1. Let i be g(1). Suppose 5*d - 4*d - i = 0. Let u be (-44)/(-6)*d - 1. Calculate the greatest common divisor of 63 and u.
21
Let y(l) = 8*l + 73. Let z be y(-8). Let w be (-2)/3*-3 - -7. Calculate the highest common divisor of w and z.
9
Let r(v) = -v + 5. Let q be r(5). Let t be q + 2 + (-21)/(-7). What is the highest common divisor of t and 5?
5
Let j(v) = -v**3 - 3*v**2 + 25*v - 7. Let b be j(-7). What is the greatest common divisor of b and 63?
7
Let w be 156*(2/14 + 15/42). What is the greatest common factor of w and 39?
39
Let s = -9 - -60. Let q = -48 + s. Let d be (-1)/2*-2*3. Calculate the greatest common divisor of q and d.
3
Suppose -5*y + 70 + 15 = 0. Let m(p) = 7*p - 12. Let r be m(4). Let a = r - -35. Calculate the greatest common factor of a and y.
17
Let i be (-54)/(-36)*(0 + 18*2). Calculate the highest common divisor of 27 and i.
27
Let w(m) = m**3 - 165*m**2 + 503*m - 9. Let r be w(3). Suppose -t + 5*t = -5*g + 62, 0 = -g - t + 12. What is the highest common factor of g and r?
14
Suppose -3*g + 10*g = 0. Suppose -l + 2*h = 6, -30 = 5*l - 3*h - g*h. Let z(o) = -5*o + 6. Let w be z(l). What is the greatest common divisor of 9 and w?
9
Suppose 0 = 5*t - 2*j - j + 128, 5*j = 4*t + 92. Let u be (60/t + 3)*112. What is the highest common factor of u and 12?
12
Suppose o + 4 = 0, 3*p - 4*o - 1111 - 135 = 0. What is the greatest common divisor of 123 and p?
41
Suppose -6*q + 9*q = 30. Calculate the highest common divisor of 470 and q.
10
Let m(n) = -11*n - 10. Let t = 47 + -51. Let v be m(t). Suppose 2*q = q + 51. What is the highest common divisor of v and q?
17
Let v(t) = 5*t**2 - 24*t - 91. Let d be v(-5). Calculate the highest common divisor of 44 and d.
22
Suppose 0 = 2*s - 4*s + 18. Let i be 22/(-99) - 1402/s. Let q = -106 - i. What is the greatest common divisor of q and 20?
10
Suppose 5*w - 65 = 5*i - 10*i, 40 = 4*w + i. Calculate the greatest common divisor of 6 and w.
3
Let g be (1 - 16) + 9/3. Let d = g - -14. Let b be (-1596)/24*d*-1. Calculate the greatest common divisor of 19 and b.
19
Suppose 3*b + q + 46 - 454 = 0, 2*q - 681 = -5*b. Suppose -b = -9*r + 4*r. What is the highest common factor of 9 and r?
9
Suppose 2*t = 3*b + 21, 0 = -5*t + 2*b - 4*b + 43. Let q = 29 + -27. Let o be (t - 14)/(q/(-8)). Calculate the highest common factor of o and 100.
20
Suppose -s + 4*x - 8 = 0, 0*x + 4*x = -3*s + 8. Suppose m + s*m - 26 = 0. Suppose m = f - 5*y, y = 3*f + 7 - 29. What is the highest common divisor of 18 and f?
6
Suppose -7 + 1 = -3*n. Suppose -5*f + n = -8. Suppose -4*i = 4*b - 440, 0*b - 216 = -f*b - 4*i. What is the highest common factor of 16 and b?
16
Let s(y) be the second derivative of y**4/12 - y**3/3 - 2*y**2 - 6*y. Let i be s(-4). Suppose 1092 = 5*u - 8. Calculate the highest common divisor of i and u.
20
Let q(v) = -10*v**3 - v**2 - 76*v - 237. Let c be q(-3). What is the greatest common divisor of c and 90?
18
Let g(l) = 7*l - 2. Let c be g(1). Let x(j) = 11*j - c + 7 - 5*j. Let b be x(2). What is the highest common divisor of 56 and b?
14
Let p(x) = -x**2 - 46*x + 11. Let t be p(-23). What is the highest common factor of t and 12?
12
Let o be 279 + (10 + -18 - -13). What is the highest common divisor of 12 and o?
4
Suppose -8*i = 28*i - 1296. Calculate the greatest common factor of 99 and i.
9
Let t be 4774/30 + 8/(-60). Let o be 1/(639/t + -4). What is the greatest common divisor of o and 477?
53
Let u be (-1332)/(-9) + (-12 - -3)/3. What is the greatest common divisor of 29 and u?
29
Suppose -12 = -5*w + 2*w. Suppose 2*i + 210 = w*p, 3*p = -0*i - 3*i + 135. What is the highest common factor of p and 25?
25
Suppose 6*p + 24 = 5*p. Let o = p - -25. What is the greatest common divisor of 8 and o?
1
Suppose 0 = -4*m + 17 - 41. Let n be ((-10)/m)/(2/6). Let b(p) = 44*p**3 + 2*p**2 - p. Let v be b(1). Calculate the highest common divisor of n and v.
5
Suppose 0 = l - 4*v - 5 - 12, -4*v + 13 = 5*l. Suppose 4*j = 2*a - 82, 276*a + 3*j - 141 = 273*a. Calculate the greatest common divisor of l and a.
5
Let t = 131 - 99. Let d = t - 7. What is the highest common factor of d and 10?
5
Suppose 199 = 10*t - 401. Let z = -38 + 62. Calculate the highest common divisor of z and t.
12
Suppose 63 + 4765 = 71*d. What is the greatest common factor of 32 and d?
4
Let d(v) = 5*v**3 + 3 - 10*v - 4*v**3 - 1 - v**2 - 2*v**2. Let m be d(5). Calculate the highest common divisor of m and 4.
2
Let k be 57/15 - 24/30. Suppose -84 = -4*b + s, -k*b - 2*s - 10 = -84. Calculate the greatest common divisor of b and 176.
22
Suppose 30 = 5*l - 4*l. Let r = 83 - 8. Calculate the greatest common factor of l and r.
15
Suppose s + 4 = 0, 4*s + 27 - 581 = -6*f. What is the greatest common divisor of 76 and f?
19
Suppose 0 = -0*s - s - 3*t - 6, 2*t = -5*s + 9. Let b(u) = -9*u - 2 + 4*u - 3*u**2 + 3*u - u**s. Let w be b(-4). What is the highest common divisor of 55 and w?
11
Let a = -775 + 808. Let y be -1 + (-2 - (-201 - 0)). Calculate the highest common divisor of a and y.
33
Suppose -10*u - 3*u = -130. Suppose 0 = -u*s + 11*s - 24. Suppose -72 = 2*i - 4*i. What is the highest common divisor of i and s?
12
Suppose -4*q = -45 - 3. Suppose 4*d - 4*t - 316 = -0*d, 4*d + 4*t - 332 = 0. Let n be 7/(21/d) + (4 - 1). What is the greatest common divisor of q and n?
6
Let t = 35 + -25. Let w = -53 + 93. Calculate the highest common factor of t and w.
10
Suppose 0 = w + 5*j - 55 - 53, -5*j + 226 = 2*w. Calculate the greatest common factor of w and 2.
2
Suppose -4*x - 3*l = -10200, 8*x - 6*x - 5100 = 3*l. What is the greatest common factor of x and 51?
51
Let b = 929 + -909. What is the highest common factor of 740 and b?
20
Let i(n) = n**2 + 4*n - 4. Let r be i(5). Let j = r + -11. Let t(l) = -2*l**2 - 96*l - 264. Let g be t(-45). Calculate the greatest common divisor of g and j.
6
Suppose -3*f - 1615 = 3*m - 5431, -4*m + 5064 = -4*f. What is the greatest common factor of 94 and m?
47
Suppose 3*y - 225 = 3*b, 3*b + 217 + 9 = 2*y. Let a = 325 + b. Let h be a/7 + 3/7. Calculate the highest common factor of 4 and h.
4
Let r = 1 - -6. Let g(y) = -2*y**2 + 3*y + 20. Let q be g(-9). Let l be 1/(-3) + q/(-3). Calculate the greatest common divisor of l and r.
7
Let z(u) = u**3 - 5*u**2 + 14*u. Let b be z(4). What is the highest common divisor of b and 860?
20
Let k(b) = b**3 + 8*b**2 - 9*b - 13. Let s be k(-7). Let t(o) = 4*o - 1. Let i be t(3). What is the greatest common factor of i and s?
11
Let g(t) = -35*t - 2. Let j be (0/2 - -2)/(1 - 3). Let r be g(j). What is the highest common divisor of r and 297?
33
Suppose 150 = 5*l - 235. Let j(i) = -i**2 - 8*i + 31. Let g be j(-10). What is the highest common factor of l and g?
11
Suppose -p + 2*o = -2*o - 79, 0 = -3*p + 2*o + 287. Suppose 153*y - 171*y + 162 = 0. Calculate the greatest common factor of y and p.
9
Suppose 3*p - 294 + 90 = 0. What is the highest common divisor of p and 51?
17
Let t(c) = -c**3 + 6*c**2 + 12*c + 2. Let f be (-56)/(-10) + (-28)/(-70). Let m be t(f). Calculate the greatest common factor of m and 37.
37
Let j(a) = 9*a - 2 + 1 + 3 + 2*a**2 - 3*a**2. Let d be j(7). Suppose -3*u + 5*c = -d, 0 = -u + 3*u + 5*c - 44. What is the highest common divisor of 96 and u?
12
Suppose -27*z + 29*z = 76. Suppo